 + 61*d - 2837. Determine z(31).
15
Let b(q) = 17*q**3 - 198*q**2 - 76*q + 58. Calculate b(12).
10
Let f(k) = k**3 - 31*k**2 - 302*k + 76. What is f(-8)?
-4
Let w(g) = -g**3 - 112*g**2 - 143*g - 3600. Determine w(-111).
-48
Let l(g) = 16*g**2 - g + 1. What is l(2)?
63
Let x(y) = -23*y**2 - 45*y + 44. Determine x(1).
-24
Let w(b) = 255*b**2 + 2295*b - 5. Give w(-9).
-5
Let x(v) = 1120*v + 5592. Determine x(-5).
-8
Let l(i) = -7*i**2 + 374*i - 1868. Determine l(5).
-173
Let i(f) = -f**3 + 13*f**2 + 29*f + 300. Determine i(16).
-4
Let w(f) = 8*f - 107. Determine w(9).
-35
Let a(o) = -136*o - 2310. What is a(-17)?
2
Let p(b) = -128*b + 7924. Determine p(62).
-12
Let z(x) = x**2 + 178*x + 32. What is z(0)?
32
Let s(g) = -g**3 - 8*g**2 + 53*g + 412. Determine s(-7).
-8
Let d(k) = -47*k**3 + 280*k**2 - 2*k + 84. Determine d(6).
0
Let t(d) = 5*d**3 + 78*d**2 + 47*d + 48. Give t(-15).
18
Let o(f) = -396*f - 44763. Calculate o(-113).
-15
Let h(c) = -40*c**2 + 3*c + 10. Give h(0).
10
Let x(p) = 2*p**3 + 115*p**2 + 61*p + 236. Calculate x(-57).
8
Let q(b) = -b**3 - 9*b**2 - 14*b - 15. What is q(-7)?
-15
Let r(x) = -x**3 - 18*x**2 - 58*x - 12. Calculate r(-17).
685
Let t(a) = 613*a + 10456. Calculate t(-17).
35
Let h(x) = 19*x - 101. Determine h(11).
108
Let l(i) = 89*i - 753. Determine l(8).
-41
Let r(p) = -p**3 - 7*p**2 + 5*p + 24. What is r(-2)?
-6
Let a(n) = -135*n - 789. Give a(-6).
21
Let t(k) = 110*k**2 - 1. What is t(-1)?
109
Let v(y) = -54*y + 408. What is v(10)?
-132
Let r(h) = h**3 + 6*h**2 - 67*h - 302. Determine r(-5).
58
Let c(a) = a**3 - 21*a - 21. Calculate c(-5).
-41
Let j(t) = 40*t**2 + 1282*t + 64. Determine j(-32).
0
Let i(n) = -n**3 - n**2 + 25*n - 11. What is i(-6)?
19
Let b(d) = d**3 - 10*d**2 - 26*d + 23. Determine b(11).
-142
Let p(x) = 8*x + 325. Give p(-31).
77
Let r(u) = -426*u**2 + 5962*u + 37. Calculate r(14).
9
Let g(x) = 22*x - 2274. Calculate g(104).
14
Let t(p) = 7*p**2 + 478*p + 78. Calculate t(-68).
-58
Let u(r) = -2*r**3 + 92*r**2 - 852*r - 208. Determine u(33).
-10
Let s(x) = x**3 + 25*x**2 - 2*x - 49. Calculate s(-25).
1
Let w(n) = -4*n**2 + 83*n - 162. Give w(2).
-12
Let q(d) = d**3 - 13*d**2 - 30. What is q(13)?
-30
Let r(z) = -z**3 + z**2 + 63*z - 169. Give r(3).
2
Let h(c) = -2*c**3 - 13*c**2 + 3*c + 34. Give h(-6).
-20
Let d(u) = u**3 + 10*u**2 + 24*u + 12. Calculate d(-7).
-9
Let b(x) = -x**3 - 25*x**2 - 86*x - 38. Determine b(-21).
4
Let u(f) = -f**2 + 2058*f + 14471. Calculate u(-7).
16
Let g(z) = z**2 - 101*z + 1458. Determine g(82).
-100
Let p(w) = -2*w**2 + 444*w + 43075. Calculate p(295).
5
Let f(g) = -g**2 + 319*g - 8144. Give f(28).
4
Let m(u) = u**2 + 357*u + 10733. What is m(-33)?
41
Let o(d) = 14*d**2 - 15*d + 7. What is o(1)?
6
Let n(g) = 2628*g - 10515. Calculate n(4).
-3
Let i(h) = 13*h + 348. Determine i(-26).
10
Let w(h) = h**3 + 4*h**2 + 73*h - 45. Give w(0).
-45
Let t(n) = -576*n + 1692. Calculate t(3).
-36
Let i(k) = -3*k**2 - 18*k + 6. What is i(-6)?
6
Let x(y) = -10*y + 518. Calculate x(19).
328
Let j(y) = y**2 + 17*y + 52. Give j(-9).
-20
Let p(s) = -53*s - 138. Determine p(-4).
74
Let w(k) = 11*k**2 + 5*k - 39. Give w(-4).
117
Let b(u) = 25*u**2 + 15*u + 98. What is b(-5)?
648
Let i(g) = -2*g**3 + 54*g**2 + 29*g - 790. What is i(27)?
-7
Let l(g) = g**3 - 29*g**2 - 90*g + 872. Determine l(31).
4
Let p(b) = -3*b**3 + 45*b**2 + 55*b - 116. Give p(16).
-4
Let l(a) = 2*a**2 - 11*a + 7. Calculate l(5).
2
Let j(p) = -p**2 + 54*p - 642. What is j(34)?
38
Let f(n) = 32*n - 2851. Give f(89).
-3
Let m(j) = -211*j + 373. Give m(2).
-49
Let t(g) = -g**3 - 54*g**2 - 367*g - 15. Give t(-7).
251
Let p(i) = -20*i - 239. Calculate p(-21).
181
Let b(v) = -120*v + 139. What is b(6)?
-581
Let d(a) = 2*a**3 - 3*a**2 - 21*a + 35. Determine d(-6).
-379
Let v(d) = -d**3 + 42*d**2 + 96*d - 72. Determine v(44).
280
Let q(y) = 487*y - 7796. Give q(16).
-4
Let p(l) = 45*l**2 - 422*l - 37. Calculate p(10).
243
Let k(f) = f**3 - 15*f**2 - 65*f + 101. Determine k(18).
-97
Let b(p) = 1137*p - 6828. What is b(6)?
-6
Let b(g) = 202*g - 4239. What is b(21)?
3
Let d(n) = 5*n**3 - 27*n**2 + 3*n - 1. What is d(6)?
125
Let f(u) = u**2 + 45*u - 368. Give f(-51).
-62
Let c(x) = -x**2 + 38*x + 362. Calculate c(-8).
-6
Let l(p) = 3*p**2 + 148*p - 1376. What is l(8)?
0
Let w(o) = o**3 - 69*o**2 - 126*o - 1134. What is w(71)?
2
Let t(b) = -87*b - 223. What is t(-2)?
-49
Let c(g) = 785*g + 32. Calculate c(0).
32
Let r(d) = -d**3 - 36*d**2 + 3*d - 1251. What is r(-37)?
7
Let q(l) = l**2 + 18*l + 13. Give q(-17).
-4
Let d(i) = -56*i**2 - 1057*i + 136. Calculate d(-19).
3
Let r(w) = w**3 + 9*w**2 + 6*w + 32. Give r(-9).
-22
Let b(m) = -1509*m + 3065. What is b(2)?
47
Let r(c) = c**3 - 27*c**2 - 17*c - 113. Determine r(28).
195
Let p(i) = -i**3 - 5*i**2 - i - 7. Calculate p(-5).
-2
Let f(k) = 5*k**3 + 60*k**2 - 14*k - 771. Calculate f(-11).
-12
Let f(s) = s**3 + 133*s**2 - 272*s - 148. Determine f(-135).
122
Let y(l) = 26*l + 1537. What is y(-59)?
3
Let b(f) = -2*f**2 + 250*f - 1422. Determine b(120).
-222
Let g(f) = -59*f + 3395. Give g(57).
32
Let w(o) = -o**3 + 56*o**2 + 162. What is w(56)?
162
Let w(u) = -2*u**3 - 22*u**2 - 41*u + 6. Calculate w(-3).
-15
Let f(y) = y**2 - 36*y - 33. What is f(36)?
-33
Let g(k) = -k**2 - 4*k + 5. Calculate g(-5).
0
Let d(x) = -6*x + 44. Calculate d(3).
26
Let d(q) = 6*q**2 - 77*q - 1218. Calculate d(22).
-8
Let l(f) = -41*f + 271. Calculate l(9).
-98
Let w(h) = -23*h + 205. Determine w(14).
-117
Let x(n) = 8*n**2 - 113*n - 37. Calculate x(14).
-51
Let d(u) = -192*u - 51836. What is d(-270)?
4
Let t(p) = p**2 + 10*p - 10. Determine t(-13).
29
Let u(j) = -2*j**3 - 83*j**2 + 64*j + 937. Calculate u(-42).
13
Let i(p) = 50*p + 137. Calculate i(-8).
-263
Let o(y) = 3*y**2 + 307*y + 936. Determine o(-99).
-54
Let h(p) = p**2 - 17*p + 54. Determine h(7).
-16
Let u(t) = -225*t - 11706. Give u(-52).
-6
Let o(g) = -37*g - 1122. What is o(-30)?
-12
Let y(s) = -23*s - 168. Calculate y(13).
-467
Let h(l) = -l**3 + 22*l**2 + 198*l - 42. What is h(-7)?
-7
Let z(f) = -9*f**2 - 14*f - 2. Calculate z(-7).
-345
Let v(b) = -416*b + 33274. Determine v(80).
-6
Let i(q) = -q**3 + 21*q**2 - 112*q + 73. Give i(13).
-31
Let a(u) = -18*u - 511. What is a(-29)?
11
Let b(q) = -q**3 - 15*q**2 - 60*q - 285. Give b(-12).
3
Let i(s) = -29*s + 336. Give i(13).
-41
Let w(a) = a**3 + 4*a**2 + a + 1. Determine w(1).
7
Let s(g) = 62*g - 1867. Give s(30).
-7
Let w(b) = 2*b**3 - 2164*b - 4319. Calculate w(-2).
-7
Let m(t) = -t**3 - 5*t**2 - 8*t - 23. What is m(-6)?
61
Let v(b) = -20*b - 202. Give v(-13).
58
Let u(f) = 15*f - 1925. What is u(127)?
-20
Let r(j) = -3*j**3 - 106*j**2 - 226*j + 173. What is r(-33)?
8
Let b(q) = -3933*q - 11804. Give b(-3).
-5
Let w(v) = v**2 + 11*v - 19. Give w(4).
41
Let z(l) = -2*l**3 - 42*l**2 + 28*l + 542. Give z(-21).
-46
Let x(n) = -359*n + 3533. Determine x(10).
-57
Let n(f) = -f**3 - 15*f**2 - 33*f - 485. Calculate n(-16).
299
Let v(l) = -l**3 + 4*l**2 + 14*l + 15. Give v(7).
-34
Let u(c) = -7*c - 587. Give u(29).
-790
Let s(h) = -h**3 + 20*h**2 - 85*h + 344. Give s(16).
8
Let y(g) = g**3 - 41*g**2 + 143*g + 49. Calculate y(37).
-136
Let u(y) = -13*y**2 + 67*y + 7. Give u(5).
17
Let w(l) = -92*l + 1203. What is w(13)?
7
Let l(s) = -s**3 + 5*s**2 + 16*s - 70. Determine l(3).
-4
Let s(h) = -55*h + 60. What is s(0)?
60
Let a(u) = -78*u + 8. Calculate a(2).
-148
Let u(n) = 3*n**3 - 234*n**2 - 1517*n - 8. Give u(-6).
22
Let f(o) = -o**3 + 4*o**2 + 30*o + 27. Give f(-3).
0
Let h(l) = -l**2 - 33*l - 230. Determine h(-10).
0
Let y(g) = 10*g**2 + 196*g + 194. Calculate y(-1).
8
Let h(o) = -3*o**2 - 93*o - 174. What is h(-29)?
0
Let v(o) = -18*o**3 - 2*o**2 - 21*o - 21. Give v(-1).
16
Let r(q) = 1681*q - 84042. Calculate r(50).
8
Let b(j) = -j**3 - 15*j**2 - 9*j + 10. Calculate b(-16).
410
Let l(c) = -c**3 - 44*c**2 + 665*c + 31466. Give l(-42).
8
Let f(i) = -37*i + 3351. Determine f(85).
206
Let g(z) = -116*z**2 - 811*z + 2. Calculate g(-7).
-5
Let x(y) = -y**2 + 18*y + 11. Determine x(3).
56
Let r(c) = -4*c**2 - 151*c - 956. Give r(-8).
-4
Let l(v) = -154*v - 4005. Give l(-26).
-1
Let l(v) = -7141*v + 21429. Give l(3).
6
Let z(i) = i**2 - 43*i - 571. Determine z(-11).
23
Let y(n) = 37*n + 1597. Calculate y(-43